*y + 3 = 0. What are the prime factors of l?
89
Suppose -l + 55 = 4*z, -5*l - 96 + 11 = -4*z. List the prime factors of 1*z/9*21.
5, 7
Suppose 0 = 25*u - 2894 - 4906. List the prime factors of u.
2, 3, 13
Suppose -23*t + 25*t - 11003 = -5*u, -4*t = -5*u - 22081. What are the prime factors of t?
2, 3, 919
Suppose -5*n - 5*d + 2215 = 0, 0*d + 866 = 2*n - 3*d. List the prime factors of n.
439
Let f = 91 + -84. Let a(h) = h**3 - 3*h**2 - 19*h + 11. List the prime factors of a(f).
2, 37
Let h = -521 + 939. List the prime factors of h.
2, 11, 19
List the prime factors of 2 + 10/((20/(-728))/(-5)).
2, 911
Let d(p) = -p**3 - 3*p**2 - p - 4. Let o be d(-5). Suppose o = 5*a + 1. What are the prime factors of a?
2, 5
Suppose 0 = 7*a + 22*a - 16559. List the prime factors of a.
571
Suppose -k = -8*k + 455. What are the prime factors of k - (2 + 0)/1?
3, 7
Suppose 1510 = 3*c - 386. List the prime factors of c.
2, 79
Suppose -5*u = -25, -3*q - 2 - 7 = -3*u. What are the prime factors of (-428)/(q/(-2))*3/12?
107
Let d be ((-15)/10)/((-1)/4). Let j = -25 + d. Let x = j - -31. What are the prime factors of x?
2, 3
Let d be (-35)/(-15) + (-4)/(-6). What are the prime factors of (d/(-9))/(1/(-207))?
3, 23
Let m(v) = 2*v + 3. Let a be m(0). Suppose a*q - 22 - 44 = 0. List the prime factors of ((-2)/4)/((-1)/q).
11
Suppose 2*d + 2 - 14 = 0. Suppose -y + 39 = d. What are the prime factors of y?
3, 11
Let s = -65 + 106. Let l = s - 25. Suppose -4*h + 2*y + l = -0*y, 4*y = -16. List the prime factors of h.
2
List the prime factors of (-129)/(-344) + (-16298)/(-16).
1019
Let i = -119 - -28. Let w = i + 277. List the prime factors of w.
2, 3, 31
Let g = -829 + 814. Let d(o) = 3 - 1 + 14 - 3*o. List the prime factors of d(g).
61
Let v(n) = n**2 + 3*n - 10. Let z be v(-7). Let x = -14 + z. Suppose x*u - 81 + 13 = 0. What are the prime factors of u?
17
Suppose -5*z + 10547 = 4*m, 4*m = z - m - 2121. What are the prime factors of z?
2111
Let b = -32 + 43. Let f be (b + 0)/(0 - 1). Let i = 58 + f. List the prime factors of i.
47
Suppose 3*v - 680 = 2*h, 4*h - 692 = -4*v + v. List the prime factors of v.
2, 3, 19
Let o(l) = -l**2 + 8*l - 5. Let v be o(7). Suppose 0 = v*x + 4*x - 198. List the prime factors of x.
3, 11
Let k = 3918 - 2064. List the prime factors of 2/(-8) + k/24.
7, 11
Let i = -1117 + 1691. What are the prime factors of i?
2, 7, 41
Let r = -38 + 47. What are the prime factors of (-141)/(-9) + (-6)/r?
3, 5
Suppose d + 2*d + 5*v = 10281, 0 = -d - 5*v + 3417. List the prime factors of d.
2, 3, 11, 13
Let y(k) be the third derivative of k**5/60 - 11*k**4/24 + 19*k**3/6 - 19*k**2. What are the prime factors of y(14)?
61
Let p be (-1 - -1 - -153) + (-9)/(-3). Suppose -2*z + p = -224. What are the prime factors of z?
2, 5, 19
Let x(k) = 2*k**2 + 9*k + 4. Let f be x(-5). List the prime factors of (-6)/((2/(-28))/(3/f)).
2, 7
Let d(s) = s - 6. Suppose 4*o - 5*v + 25 = 0, 5*o - 2*o = 2*v - 10. Let a be d(o). List the prime factors of -21*(0 - (-8)/a).
2, 7
Let a(p) = -p**2 + p + 42. Let z be a(0). Let n be (-15)/10*(-38)/(-3). Let w = n + z. List the prime factors of w.
23
Let l be 26*(0 - (-1)/(-2)). Let h = -208 - -229. Let o = l + h. What are the prime factors of o?
2
List the prime factors of (-81050)/(-30)*(-6)/(-10).
1621
Suppose 5*l - 3*h = 1215, 5*l = 6*l - 2*h - 236. What are the prime factors of l?
2, 3, 41
Suppose -p = g, 4*p + 2*g = 1 + 7. Suppose 5*b + 2*s - 70 = 0, p*b - 5*s = -0*b + 23. Suppose -210 = 7*h - b*h. List the prime factors of h.
2, 3, 7
Let y(o) = -o**3 - 5*o**2 - 4*o + 3. Let k be y(-4). Suppose 2*v = -b - 102, -v - 6*b + k*b = 41. Let c = -20 - v. List the prime factors of c.
3, 11
Let q be (4 + (-14)/4)*60. Suppose 0 = -t - 4*u + q, 3*t - u = 24 + 131. What are the prime factors of t?
2, 5
Let o(r) = -2*r - 29. Let p be o(-5). Let x = 51 - p. What are the prime factors of x?
2, 5, 7
Suppose -103 = -3*q + 4*q. Let m = -11 - q. Suppose -3*b = -m - 49. List the prime factors of b.
47
Let s(g) = 61 + 82 - 4*g - 27 + 71. What are the prime factors of s(0)?
11, 17
Let x = 3298 - 2339. What are the prime factors of x?
7, 137
Suppose 0 = 2*r - z - 2067, 0 = 5*r + 5*z - 8*z - 5170. List the prime factors of r.
1031
Let x(t) = t**3 + 7*t**2 - 7*t - 6. Let f be x(-8). Let l = 46 - f. List the prime factors of l.
2, 3, 5
Let d be -3 - 4/(12/(-57)). Suppose -2*b = -4*s + 2*b + 48, 5*b = s - d. What are the prime factors of s?
11
Let y(r) = 13*r - 22*r - 8 + 41*r. What are the prime factors of y(4)?
2, 3, 5
Let w = 13 - -79. Suppose w = 5*i - i. What are the prime factors of i?
23
Let o(r) = 55*r - 13. What are the prime factors of o(4)?
3, 23
Let z = 67 + 68. What are the prime factors of z?
3, 5
Let d = -205 + 730. Suppose d = 12*c - 5*c. What are the prime factors of c?
3, 5
Let n(m) = 6*m**2 - 5. Let h be n(5). Suppose -2*g + h = -131. List the prime factors of g.
2, 3, 23
Let y(x) = -37*x**3 - x - 1. Suppose 5*r - 7*w = -2*w, r - 2*w - 1 = 0. Let g be y(r). Suppose -7*o + 6*o = -g. What are the prime factors of o?
37
Suppose -19*q + 16*q = -138. Suppose i = 2*i - q. What are the prime factors of i?
2, 23
Suppose 3*s = -s + 20. Suppose -s*h = 2*y - 357, -4*y - y + 918 = 4*h. Suppose -y = 4*r - 478. List the prime factors of r.
73
Suppose -3*q - 2*q + 5*f = -8630, 5*q = -3*f + 8614. What are the prime factors of q?
2, 431
Suppose -248 = d - 31. Let i = d + 354. List the prime factors of i.
137
Suppose z - 4*p - 10 = 0, -p = 4*z + p + 14. What are the prime factors of 1 + z - (-28 + -6)?
3, 11
Suppose 3*x = j - 2410, -14*x + 7216 = 3*j - 9*x. List the prime factors of j.
29, 83
Let l(f) = -6*f**3 - 10*f - 7. Let y = -9 - -16. Let g(h) = 5*h**3 + h**2 + 10*h + 6. Let z(i) = y*g(i) + 6*l(i). List the prime factors of z(8).
2
Let w = -17 + 13. Let n be 15 + (-8)/((-8)/w). List the prime factors of (-588)/(-33) - (-2)/n.
2, 3
Let i(n) be the second derivative of -1/20*n**5 + 0 - 3*n - 2*n**2 + 5/6*n**3 - 7/12*n**4. List the prime factors of i(-8).
2, 5
Suppose -3*w + 7*y - 2*y = 98, -5*w - 230 = 5*y. Let m = w - -88. List the prime factors of m.
47
Let b be (0 - -2)/(3/762). Suppose 0 = -3*h - h + b. List the prime factors of h.
127
Let q(g) = -g**3 + 8*g**2 - 4*g - 16. Let k be q(7). Suppose k*d + j = 3*j + 107, -4*d + 82 = 2*j. What are the prime factors of d?
3, 7
Let x be (-1)/(21/(-6) + 3). Suppose 4*d - 3*d = x. What are the prime factors of 1*(-1)/d*-6?
3
What are the prime factors of -3 + 0 + (-4710)/(-6)?
2, 17, 23
Let c(z) = 201*z**2 - 25*z - 3. List the prime factors of c(-1).
223
Suppose 2*q - 11 = 39. List the prime factors of q.
5
Let x(b) = 9*b + 4. Let y be x(0). What are the prime factors of 9/(0 + -3) + 131 + y?
2, 3, 11
Let p be (9/1)/(-3*(-2)/(-4)). List the prime factors of 17*30/4 + (-3)/p.
2
Let f(t) = 6*t**2 - 13*t - 3. Let y be f(-4). Suppose -5*b + 687 = 5*o - 68, -b + y = -o. List the prime factors of b.
2, 37
Suppose 3*r + 2*r = -2*v + 25, -5*v + 5*r = -10. Let i = v - 4. What are the prime factors of (-7 + (i - 1))*-3?
3, 7
Let b = 27 - 2. Suppose n - 39 = -2*n + 3*v, -2*n + b = -v. List the prime factors of 207/(-6)*(-8)/n.
23
Let y be (-1689)/12 - 1/4. Let r be y/(-27) - (-2)/(-9). Suppose r*w - 88 = 3*w. What are the prime factors of w?
2, 11
Let h(b) = -7*b + 2. Let y(q) = -q**2 + 3*q. Let u(p) = -5*p - 1. Let v be u(-1). Let a be y(v). What are the prime factors of h(a)?
2, 3, 5
Suppose -h = 4*h + l - 38, 0 = -2*h + 3*l + 22. What are the prime factors of (-2)/h - (-969)/4?
2, 11
Let a = 27 - 23. Suppose -p = -a*p + 12. Suppose p*d - 32 - 4 = 0. List the prime factors of d.
3
Suppose 423 + 634 = 2*m + 3*y, -2*m - y = -1067. List the prime factors of m.
2, 67
Let y = -142 - -404. List the prime factors of y.
2, 131
Suppose -2*c - 6 = -4*c. Suppose -c*h = -5*h + 24. Let w(f) = -f**3 + 13*f**2 - 10*f - 4. What are the prime factors of w(h)?
2, 5
Let k(x) = -x**3 + 4*x**2 + x - 2. Let h be k(4). What are the prime factors of 394/4 + ((-1)/h)/(-1)?
3, 11
What are the prime factors of ((-141)/2)/(2/(-60)) - -4?
13, 163
Let w = 2 + 8. Let p(m) = 20 - 6*m - m**3 - 20 + w*m**2. What are the prime factors of p(9)?
3
Suppose -m = -5*m. Let g(j) = -j**3 - j**2 - j - 52. Let l be g(m). Let a = -36 - l. What are the prime factors